ose 43 = 2*h - h. Let o = 55 - h. What is the tens digit of (o/(-8))/((-3)/64)?
3
Suppose -w - 1 = m, 0 = -w + 4*m + 16 + 8. Let a be 6 - w/(-8) - 3/2. Let l(q) = q**3 + 7*q - 10. What is the tens digit of l(a)?
5
Let r(o) = o**3 + 17*o**2 - 6*o - 13. Let p = 703 + -715. What is the tens digit of r(p)?
7
Suppose -n - 60 = 2*n - 3*i, -40 = n + 4*i. Let g(v) = -9*v - 100. What is the tens digit of g(n)?
1
Let h = 928 - 3790. Let s = h - -4119. What is the thousands digit of s?
1
Let a(c) = -c**2 + 11*c + 15. Let n(f) = f**3 - 5*f**2 + 13*f - 7. Let y be n(2). What is the tens digit of a(y)?
4
Suppose 781 = 5*j - 3469. What is the tens digit of j?
5
Let n(b) = 209*b**3 - 35*b**2 + 9*b - 104. What is the ten thousands digit of n(6)?
4
Let b = -12 + 50. Suppose 0 = -w + 2*w + b. Let n = w + 71. What is the units digit of n?
3
Let s(l) = -3*l - 90. Let o be s(-29). What is the hundreds digit of (-6214)/(-12) + (o - 95/(-30))?
5
Let y(k) = 17*k**2 + 2*k + 7. Let p be y(-2). Let t = p + 22. Suppose -c + t = 2*c. What is the tens digit of c?
3
Let a(s) = -266*s**2 - 7*s - 4. Let l be a(-1). Let z = 1498 - l. What is the thousands digit of z?
1
What is the units digit of (-15)/((-872290)/174439 + 5)?
3
Suppose y = -30*y - 15686. Let c = -34 - y. What is the hundreds digit of c?
4
Suppose -z = 3*l + 4 + 6, 0 = 2*l + 10. Let u(s) = 4*s**3 + s**2 - 3*s + 6. What is the units digit of u(z)?
6
Suppose -5*c - 5*d = -15, -2*d + d + 1 = 0. Let g(w) = 56*w**3 - 4*w**2 + 3*w - 3. What is the hundreds digit of g(c)?
4
Suppose -2*j - 6 = 0, -4*x - 2*j + 11 = -7. Let v(f) = -2*f**2 + 4*f - 2. Let g be v(x). What is the units digit of g/(-3)*-8*(-3)/10?
0
Let y be 2/(-6)*(110 - -1). Let q = -40 - y. What is the tens digit of (q/(-2))/((-3)/(-124))?
6
Suppose -536 - 894 = 4*m + 2*p, 0 = 2*m - 5*p + 685. Let j = 555 + m. What is the hundreds digit of j?
2
Let y = 14401 - -500. What is the thousands digit of y?
4
Suppose 70 = 5*s + 20. Suppose -8*u = -6 - s. Suppose -3*x - 92 - 1 = -3*z, -z + 30 = -u*x. What is the tens digit of z?
3
Let r(z) = -z**3 + 6*z**2 + z - 4. Let u be r(6). Let n(l) be the first derivative of 9*l**3 - 3*l**2/2 + l + 61. What is the units digit of n(u)?
3
Let a(u) = 39*u**3 - u + 7. Let m(v) = -7*v + 108. Let o be m(15). What is the tens digit of a(o)?
5
Let w(d) = 23 + 15 + 16*d + 150 - 62 - 33 + d**2. What is the tens digit of w(-11)?
3
What is the hundreds digit of -2 - (-237118)/10 - -1*8/40?
7
Suppose -5*v - 6 = 14, 2*v + 43544 = 2*z. What is the ten thousands digit of z?
2
Let i be 10 + ((-8)/2 + 3)*0. Suppose 8*s = i*s - 268. What is the tens digit of s?
3
Let a(c) be the third derivative of 0*c + 14/3*c**3 - 1/3*c**4 + 31*c**2 + 0. What is the tens digit of a(-24)?
2
Let t = -142 - 293. Let h = -262 - t. What is the hundreds digit of h?
1
What is the hundreds digit of (-157257)/(-18) - (21/6)/(-7)?
7
Let d(a) = 797*a + 375. What is the tens digit of d(7)?
5
Suppose -5*b - 5*k = 0, -2*b + 2*k + 2 = -14. Let t(n) = 13*n**3 + 11*n - 25. What is the tens digit of t(b)?
5
What is the thousands digit of (30/1)/(-3 + 2008/664)?
1
Let o be -12 + ((-585)/156)/((-5)/16). Suppose -8*j + 788 = -4*j. Suppose 4*l + v = 776, l - j = -o*l - v. What is the hundreds digit of l?
1
Let i = 183 - 180. Suppose 0 = i*s - 5*x - 500 - 17, -5*s = -4*x - 853. What is the units digit of s?
9
Let y(j) = -13*j + 66. Let l be y(-13). Let d(g) = -g**3 + 5. Let o be d(0). Suppose -5*t + l = 5*w, -3*t - w = -o*t + 82. What is the units digit of t?
3
Let g = 29254 - 18457. What is the thousands digit of g?
0
Let y(j) = 18*j - 154. Let q be y(-28). Let c = -195 - q. What is the hundreds digit of c?
4
Let m = -3027 - -5134. Suppose 5*h - 773 = m. What is the tens digit of h?
7
Suppose 2*u + 6 = 0, -11*g + 192 = -6*g + u. What is the thousands digit of (-84096)/(-78) + (-3 - (-111)/g)?
1
Suppose 201*k - 422*k + 276276 = -207*k. What is the hundreds digit of k?
7
What is the hundreds digit of 4/((-440)/11)*-70 - -22498?
5
Let z be 9*(6 + 0 - -22). Suppose 5*i = -25, -z = -5*v - i + 273. What is the units digit of v?
6
Suppose -132*k + 1993443 = -175581. What is the units digit of k?
2
Suppose 13*l - 18206 = -5089. What is the hundreds digit of l?
0
Suppose -2*f = f + 3*j - 3219, 4*f - 4*j = 4340. What is the hundreds digit of f?
0
Let p = 15502 - 3239. What is the thousands digit of p?
2
Suppose -15*a - 22184 - 17086 = 0. Let f = a + 4235. What is the tens digit of f?
1
Let a(n) = 4*n**2 - 86*n - 339. What is the thousands digit of a(38)?
2
Let w(h) = -9*h**2 - 67 - h**3 - 14*h + 37 + 30. Let p be w(-7). Suppose -3*n - t + 278 = p, -t - 187 = -2*n - 0*n. What is the tens digit of n?
9
Let x(s) = -2*s**2 + 3*s - 2. Let i be x(2). Let v(j) = -3*j - 21. Let c be v(-6). What is the units digit of i - ((0 - 2) + c)?
1
Suppose 26*n - 664 - 714 = 0. Let g(a) = 15*a - 279. What is the hundreds digit of g(n)?
5
Let v(a) = 11*a**3 + 5*a**2 + 2*a + 32. Let f be v(10). Suppose f - 4545 = 11*k. What is the units digit of k?
7
Suppose -j + 2*m - 2 = 0, 5*j - m + 6 - 5 = 0. Let g(a) = -8*a - 19. Let h be g(-16). Suppose s + j*s = h. What is the tens digit of s?
0
Let b(h) = -h - 6. Let q be b(-7). Suppose -3*m + 5*k = -20, -2*m + 12 = -3*k - q. Suppose 5*s - 554 = -4*t, -m*t - 100 = -s + 5. What is the units digit of s?
0
Let x be 8/(-6)*(-33)/11. Suppose -3*n + 432 = z, -4*z = 7*n - x*n - 1692. What is the units digit of z?
0
Let p be (-1036)/(-5) - (-8)/(-40). Suppose 0 = -4*r + p + 113. Suppose 67*h = 71*h - r. What is the tens digit of h?
2
Let j = -150 - -162. Suppose -j*x + 3*x + 3456 = 0. What is the hundreds digit of x?
3
Let i = -7 - -1. Let a(x) = 12*x**2 + 15*x + 4. Let r be a(i). Let o = r - 187. What is the units digit of o?
9
Suppose a - 28 = -0*a - k, -3*a = -2*k - 69. Suppose -51 = 22*f - 39*f. What is the units digit of (45/a)/(f/5)?
3
Let p(o) = -2*o - 3. Let t be p(11). Let x = -24 - t. What is the hundreds digit of (-6)/(-21) + 5368/28 + x?
1
Suppose 310*o - 329*o - 1254 = 0. Suppose 0*q = -5*q + 335. Let z = q + o. What is the units digit of z?
1
Let b = 264 - 265. What is the units digit of (-8 + 346/(-4))*6/b?
7
Suppose 2*f = g + 79 + 58, 0 = 5*g + 25. Suppose 3*z + 3*c + 0*c = -f, -5 = 5*c. What is the tens digit of 14/(-4)*((-468)/z)/(-3)?
2
Suppose -1110 = 52*a - 58*a. Suppose -182*w - 903 = -a*w. What is the tens digit of w?
0
Let s = 130 - 127. Let q(g) = 11*g**3 + 7*g**2 + 8*g - 7. What is the hundreds digit of q(s)?
3
Let z = 99604 - 40935. What is the thousands digit of z?
8
Suppose -3*t - 21*w + 19*w - 23 = 0, -2*t - 26 = 4*w. What is the tens digit of -3 + (-45)/t - -318?
2
Let w = 1 - 3. Let m(q) be the third derivative of -7*q**4/6 + q**3/6 - 41*q**2 + 2. What is the tens digit of m(w)?
5
Let n = -29 - -32. Suppose -2*k - n*j = -31, -2*k - 5*j + 20 = -13. Suppose -4*g - k + 78 = 0. What is the units digit of g?
6
Let g(v) = 83*v**2 - 30*v + 247. What is the tens digit of g(11)?
6
Suppose -3*x + 5*q = 4*q + 9740, 2*x = -2*q - 6504. What is the hundreds digit of ((-170)/(-30))/(-17) + x/(-6)?
5
Let i(j) = 201*j + 13. Let n be i(-2). Let q = 725 + n. What is the units digit of q?
6
Let w be (2/(-3) - (-42)/9) + 1. Suppose 0 = w*n - 685 - 30. Suppose 0 = -3*m, -277 = -4*d - 2*m + n. What is the hundreds digit of d?
1
Suppose 75583 - 279 = 5*f - j, 5*f - 75298 = 2*j. What is the ten thousands digit of f?
1
Suppose -54775 = -5*o + r, 18*o - 22*o + 43826 = -2*r. What is the hundreds digit of o?
9
Suppose -6*k + k + 25462 = 4*d, d = 2*k + 6372. What is the thousands digit of d?
6
What is the units digit of 7 - (-299)/26*24?
3
Let g = -26098 + 34203. What is the hundreds digit of g?
1
Let z(y) = -21*y**3 + 7*y**2 + 9*y - 16. What is the units digit of z(-8)?
2
Suppose 0 = -165*y - 60*y + 50850. What is the units digit of y?
6
Suppose 5*k + 39 - 9 = 5*g, -k + 3*g - 14 = 0. Let y be 2 + -2 - (k - (1 + 0)). What is the units digit of ((-200)/15 - y)*-3?
9
Suppose -72780 = 25*n - 55*n. What is the tens digit of n?
2
Suppose -8*u = -12*u + 172. Suppose 38*w + 3445 = u*w. What is the tens digit of w?
8
Let o = -2 - 2. Let x be o/5 + 12/15. Suppose -2*f + 5*d + 126 = x, 2*d = -2*f + 70 + 28. What is the units digit of f?
3
Let i(q) = -199*q + 173. Let j be i(-3). Sup